{"id":10,"date":"2018-05-29T12:24:53","date_gmt":"2018-05-29T10:24:53","guid":{"rendered":"http:\/\/georgmeier.de\/gtm\/?page_id=10"},"modified":"2019-03-24T22:07:56","modified_gmt":"2019-03-24T21:07:56","slug":"philosophie","status":"publish","type":"page","link":"https:\/\/georgmeier.de\/?page_id=10","title":{"rendered":"Philosophie"},"content":{"rendered":"<p>Qualifikation: h\u00f6chstqualifizierte Ansprechpartner f\u00fcr alle Fragen<\/p>\n<p>Digital denken: EDV ist Spiegelbild Ihrer Organisationsstrukturen und Abl\u00e4ufe<\/p>\n<p>Optimierung: EDV ist kein Selbstzweck, sondern systematisiert und optimiert die organisatorischen Abl\u00e4ufe nachhaltig<\/p>\n<p>Best\u00e4ndigkeit: Unsere SW-L\u00f6sungen und IT-Systeme funktionieren lange Zeit, Basis f\u00fcr ROI und Wirtschaftlichkeit<\/p>\n<p>Schl\u00fcsselfertig f\u00fcr den Kunden: Sie bekommen Ihre L\u00f6sung aus einer Hand<\/p>\n<p>Prototypen: Planung und Realisierung gehen Hand in Hand, fr\u00fche Prototypen erleichtern die Kommunikation wesentlich und verbessern das Gesamtergebnis<\/p>\n<p>Effizienz: Effizienz auf allen Ebenen sorgt f\u00fcr Synergien<\/p>\n","protected":false},"excerpt":{"rendered":"<p>Qualifikation: h\u00f6chstqualifizierte Ansprechpartner f\u00fcr alle Fragen Digital denken: EDV ist Spiegelbild Ihrer Organisationsstrukturen und Abl\u00e4ufe Optimierung: EDV ist kein Selbstzweck, sondern systematisiert und optimiert die organisatorischen Abl\u00e4ufe nachhaltig Best\u00e4ndigkeit: Unsere SW-L\u00f6sungen und IT-Systeme funktionieren lange Zeit, Basis f\u00fcr ROI und Wirtschaftlichkeit Schl\u00fcsselfertig f\u00fcr den Kunden: Sie bekommen Ihre L\u00f6sung aus einer Hand Prototypen: Planung und &hellip; <\/p>\n<p class=\"link-more\"><a href=\"https:\/\/georgmeier.de\/?page_id=10\" class=\"more-link\"><span class=\"screen-reader-text\">\u201ePhilosophie\u201c<\/span> weiterlesen<\/a><\/p>\n","protected":false},"author":1,"featured_media":0,"parent":0,"menu_order":0,"comment_status":"closed","ping_status":"closed","template":"","meta":[],"_links":{"self":[{"href":"https:\/\/georgmeier.de\/index.php?rest_route=\/wp\/v2\/pages\/10"}],"collection":[{"href":"https:\/\/georgmeier.de\/index.php?rest_route=\/wp\/v2\/pages"}],"about":[{"href":"https:\/\/georgmeier.de\/index.php?rest_route=\/wp\/v2\/types\/page"}],"author":[{"embeddable":true,"href":"https:\/\/georgmeier.de\/index.php?rest_route=\/wp\/v2\/users\/1"}],"replies":[{"embeddable":true,"href":"https:\/\/georgmeier.de\/index.php?rest_route=%2Fwp%2Fv2%2Fcomments&post=10"}],"version-history":[{"count":3,"href":"https:\/\/georgmeier.de\/index.php?rest_route=\/wp\/v2\/pages\/10\/revisions"}],"predecessor-version":[{"id":66,"href":"https:\/\/georgmeier.de\/index.php?rest_route=\/wp\/v2\/pages\/10\/revisions\/66"}],"wp:attachment":[{"href":"https:\/\/georgmeier.de\/index.php?rest_route=%2Fwp%2Fv2%2Fmedia&parent=10"}],"curies":[{"name":"wp","href":"https:\/\/api.w.org\/{rel}","templated":true}]}}