{"id":14,"date":"2018-05-29T12:25:33","date_gmt":"2018-05-29T10:25:33","guid":{"rendered":"http:\/\/georgmeier.de\/gtm\/?page_id=14"},"modified":"2019-01-12T00:25:13","modified_gmt":"2019-01-11T23:25:13","slug":"datenschutz","status":"publish","type":"page","link":"https:\/\/georgmeier.de\/?page_id=14","title":{"rendered":"Datenschutz"},"content":{"rendered":"<table border=\"0\" cellspacing=\"2\" cellpadding=\"2\">\n<tbody>\n<tr>\n<td>\n<h1>Datenschutz<\/h1>\n<p>Der Schutz Ihrer personenbezogenen Daten bei der Erhebung, Verarbeitung und Nutzung anl\u00e4sslich Ihres Besuchs bei unserer Website ist uns wichtig. Wir haben technische und organisatorische Ma\u00dfnahmen getroffen, die sicherstellen, dass die Vorschriften \u00fcber den Datenschutz sowohl von uns als auch von externen Dienstleistern beachtet werden. Wir informieren Sie nachfolgend \u00fcber Art, Umfang und Zweck der Erhebung und Verwendung Ihrer uns zur Verf\u00fcgung gestellten pers\u00f6nlichen Daten sowie \u00fcber deren Verarbeitung und Nutzung.<br \/>\n.<\/p>\n<h2>1. Erhebung und Verarbeitung von Daten<\/h2>\n<p>Personenbezogene Daten sind Informationen zu Ihrer Identit\u00e4t. Hierunter fallen z.B. Angaben wie Vorname, Nachname, Adresse, Telefonnummer, email-Adresse. Generell k\u00f6nnen Sie unsere Website besuchen, ohne personenbezogene Daten zu hinterlassen. Dabei werden die get\u00e4tigten Zugriffe auf unserer Homepage und jeder Abruf einer auf der Homepage hinterlegten Datei protokolliert. Die Speicherung dient internen systembedingten und statistischen Zwecken. Protokolliert werden: Name der abgerufenen Datei, Datum und Uhrzeit des Abrufs, \u00fcbertragene Datenmenge, Meldung \u00fcber erfolgreichen Abruf, Webbrowser und anfragende Domain. Hierbei werden jedoch keine personenbezogenen Daten \u00fcbermittelt und diese Informationen werden von m\u00f6glicherweise \u00fcbermittelten personenbezogenen Daten getrennt gespeichert. Zus\u00e4tzlich werden die IP-Adressen der anfragenden Rechner protokolliert. In bestimmten F\u00e4llen ben\u00f6tigen wir jedoch Ihren Namen und Ihre Adresse sowie weitere Angaben, damit wir die gew\u00fcnschten Dienstleistungen erbringen k\u00f6nnen. Diese weitergehenden personenbezogenen Daten werden nur erfasst und gespeichert, wenn Sie diese Angaben freiwillig machen, etwa im Rahmen einer Anfrage. Der Nutzung der Daten k\u00f6nnen Sie jederzeit widersprechen. Hierf\u00fcr gen\u00fcgt eine E-Mail an info@ georg-meier.de.<br \/>\n.<\/p>\n<h2>2. Zweckbestimmung, Nutzung und Weitergabe personenbezogener Daten<\/h2>\n<p>Soweit Sie uns personenbezogene Daten zur Verf\u00fcgung stellen, verwenden wir diese nur zur Beantwortung Ihrer Anfragen, in Bezug auf Werbema\u00dfnahmen Ihnen gegen\u00fcber, um Ihnen Zugang zu bestimmten Informationen oder Angeboten zu verschaffen sowie im Rahmen gesetzlicher Vorgaben. Wir werden die von Ihnen online zur Verf\u00fcgung gestellten personenbezogenen Daten nur f\u00fcr die Ihnen mitgeteilten Zwecke erheben, verarbeiten und nutzen. Ihre personenbezogenen Daten werden an Dritte nur weitergegeben oder sonst \u00fcbermittelt, wenn dies zum Zwecke der Durchf\u00fchrung der unter Punkt 2 Absatz 1 genannten T\u00e4tigkeiten erforderlich ist, z.B. bei Einschaltung von Dienstleistern durch die Meier &amp; Partner GmbH oder wenn Sie zuvor in die Weitergabe eingewilligt haben. Diese Daten d\u00fcrfen von Dritten nicht zu anderen Zwecken verwendet werden. Wir geben pers\u00f6nliche Daten \u00fcber Kunden bekannt, wenn wir hierzu gesetzlich verpflichtet sind, bzw. sofern wir durch eine gerichtliche Entscheidung dazu verpflichtet sind oder wenn die Weitergabe erforderlich ist, um unsere Allgemeinen Gesch\u00e4ftsbedingungen oder andere Vereinbarungen durchzusetzen oder zu sch\u00fctzen. Dies gilt entsprechend in Bezug auf die Speicherung der Daten. Die Bekanntgabe der Daten erfolgt nicht zu wirtschaftlichen Zwecken. Unsere Mitarbeiter und die von uns beauftragten Dienstleistungsunternehmen sind von uns zur Verschwiegenheit und zur Einhaltung der Bestimmungen des Bundesdatenschutzgesetzes verpflichtet. Der Zugriff auf personenbezogene Daten durch unsere Mitarbeiter ist auf die Mitarbeiter beschr\u00e4nkt, die die jeweiligen Daten aufgrund ihrer beruflichen Aufgaben ben\u00f6tigen.<br \/>\n.<\/p>\n<h2>3. L\u00f6schung<\/h2>\n<p>Die L\u00f6schung gespeicherter personenbezogener Daten erfolgt, wenn Sie Ihre Einwilligung zur Speicherung widerrufen, wenn ihre Kenntnis zur Erf\u00fcllung des mit der Speicherung verfolgten Zwecks nicht mehr erforderlich ist oder wenn ihre Speicherung aus sonstigen gesetzlichen Gr\u00fcnden unzul\u00e4ssig ist, es sei denn gesetzliche Aufbewahrungsvorschriften sprechen gegen eine L\u00f6schung, dann tritt an Stelle der L\u00f6schung eine Sperrung der Daten.<br \/>\n.<\/p>\n<h2>4. Auskunft<\/h2>\n<p>Auf schriftliche Anfrage informieren wir Sie gerne \u00fcber die zu Ihrer Person gespeicherten Daten. Wir sind bem\u00fcht, Ihre personenbezogenen Daten durch Ergreifung aller technischen und organisatorischen Ma\u00dfnahmen so zu speichern, dass diese f\u00fcr Dritte nicht zug\u00e4nglich sind. Bei der Kommunikation per E-Mail kann die vollst\u00e4ndige Datensicherheit nicht von uns gew\u00e4hrleistet sein, so dass wir Ihnen bei vertraulichen Informationen den Postweg empfehlen.<br \/>\n.<\/p>\n<h2>5. Cookies<\/h2>\n<p>Wenn Sie eine unserer Websites besuchen, kann es sein, dass wir Informationen in Form eines Cookies auf Ihrem Computer ablegen. Cookies sind kleine Text-Dateien, die von einem Webserver an Ihren Browser gesendet und auf die Festplatte Ihres Computers gespeichert werden. Diese in den Cookies gespeicherten Informationen dienen dazu, Sie bei Ihrem n\u00e4chsten Besuch auf unseren Websites automatisch wiederzuerkennen und dienen dazu, unser Angebot benutzerfreundlicher zu machen, beispielsweise Ihnen die Navigation zu erleichtern. Cookies erlauben es uns beispielsweise, eine Website Ihren Interessen anzupassen oder Ihr Kennwort zu speichern, damit Sie es nicht jedes Mal neu eingeben m\u00fcssen. Selbstverst\u00e4ndlich k\u00f6nnen Sie unsere Websites auch ohne Cookies betrachten. Wenn Sie nicht m\u00f6chten, dass wir Ihren Computer wiedererkennen, k\u00f6nnen Sie das Speichern von Cookies auf Ihrer Festplatte verhindern, indem Sie in Ihren Browser-Einstellungen &#8222;keine Cookies akzeptieren&#8220; w\u00e4hlen. Wie das im Einzelnen funktioniert, entnehmen Sie bitte der Anleitung Ihres Browser-Herstellers. Wenn Sie keine Cookies akzeptieren, kann dieses aber zu Funktionseinschr\u00e4nkungen unserer Angebote f\u00fchren.<br \/>\n.<\/p>\n<h2>6. Webanalyse &#8211; Tools<\/h2>\n<p>Unsere Website benutzt keine Auswerte- oder Webanalyse-Tools wie z.B. Google Analytics, Matomo\/Piwic.<br \/>\n.<\/p>\n<h2>7. \u00c4nderung unserer Datenschutzbestimmungen<\/h2>\n<p>Wir behalten uns das Recht vor, unsere Sicherheits- und Datenschutzma\u00dfnahmen zu ver\u00e4ndern, soweit dies wegen der technischen Entwicklung erforderlich wird. In diesen F\u00e4llen werden wir auch unsere Hinweise zum Datenschutz entsprechend anpassen. Bitte beachten Sie daher die jeweils aktuelle Version unserer Datenschutzerkl\u00e4rung.<br \/>\n.<\/p>\n<h2>8. Links<\/h2>\n<p>Sofern Sie externe Links nutzen, die im Rahmen unserer Internetseiten angeboten werden, erstreckt sich diese Datenschutzerkl\u00e4rung nicht auf diese Links. Wenn wir Links anbieten, bem\u00fchen wir uns sicherzustellen, dass auch diese unserer Datenschutz- und Sicherheitsstandards einhalten. Wir haben jedoch keinen Einfluss auf die Einhaltung der Datenschutz und Sicherheitsbestimmungen durch andere Anbieter. Informieren Sie sich deshalb bitte auf den Internetseiten der anderen Anbieter auch \u00fcber die dort bereitgestellten Datenschutzerkl\u00e4rungen.<br \/>\n.<\/p>\n<h2>9. Kinder und Jugendliche<\/h2>\n<p>Personen unter 18 Jahren sollten grunds\u00e4tzlich keine personenbezogenen Daten ohne Zustimmung ihrer Eltern oder Erziehungsberechtigten an uns \u00fcbermitteln. Wir weisen des Weiteren ausdr\u00fccklich darauf hin, dass wir personenbezogene Daten von Kindern und Jugendlichen weder explizit anfordern noch sammeln oder an Dritte weitergeben.<br \/>\n.<\/p>\n<h2>10. Verantwortliche Stelle \/ Widerspruchsrecht \/ Kontaktm\u00f6glichkeit<\/h2>\n<p>Sie k\u00f6nnen jederzeit Ihre Zustimmung zur Erhebung und Speicherung Ihrer personenbezogenen Daten durch uns widerrufen. Auch wenn Sie Fragen zu unserem Datenschutz oder Berichtigungs- und L\u00f6schungsw\u00fcnsche in Bezug auf Ihre Daten haben, k\u00f6nnen Sie uns diese gerne per E-Mail an datenschutz@ georg-meier.de, oder postalisch an Georg Meier, Altweg 125, 79356 Eichstetten schicken.<\/td>\n<td><\/td>\n<\/tr>\n<tr>\n<td><\/td>\n<td><\/td>\n<td><\/td>\n<\/tr>\n<\/tbody>\n<\/table>\n","protected":false},"excerpt":{"rendered":"<p>Datenschutz Der Schutz Ihrer personenbezogenen Daten bei der Erhebung, Verarbeitung und Nutzung anl\u00e4sslich Ihres Besuchs bei unserer Website ist uns wichtig. Wir haben technische und organisatorische Ma\u00dfnahmen getroffen, die sicherstellen, dass die Vorschriften \u00fcber den Datenschutz sowohl von uns als auch von externen Dienstleistern beachtet werden. Wir informieren Sie nachfolgend \u00fcber Art, Umfang und Zweck &hellip; <\/p>\n<p class=\"link-more\"><a href=\"https:\/\/georgmeier.de\/?page_id=14\" class=\"more-link\"><span class=\"screen-reader-text\">\u201eDatenschutz\u201c<\/span> weiterlesen<\/a><\/p>\n","protected":false},"author":1,"featured_media":0,"parent":0,"menu_order":0,"comment_status":"closed","ping_status":"closed","template":"","meta":[],"_links":{"self":[{"href":"https:\/\/georgmeier.de\/index.php?rest_route=\/wp\/v2\/pages\/14"}],"collection":[{"href":"https:\/\/georgmeier.de\/index.php?rest_route=\/wp\/v2\/pages"}],"about":[{"href":"https:\/\/georgmeier.de\/index.php?rest_route=\/wp\/v2\/types\/page"}],"author":[{"embeddable":true,"href":"https:\/\/georgmeier.de\/index.php?rest_route=\/wp\/v2\/users\/1"}],"replies":[{"embeddable":true,"href":"https:\/\/georgmeier.de\/index.php?rest_route=%2Fwp%2Fv2%2Fcomments&post=14"}],"version-history":[{"count":4,"href":"https:\/\/georgmeier.de\/index.php?rest_route=\/wp\/v2\/pages\/14\/revisions"}],"predecessor-version":[{"id":37,"href":"https:\/\/georgmeier.de\/index.php?rest_route=\/wp\/v2\/pages\/14\/revisions\/37"}],"wp:attachment":[{"href":"https:\/\/georgmeier.de\/index.php?rest_route=%2Fwp%2Fv2%2Fmedia&parent=14"}],"curies":[{"name":"wp","href":"https:\/\/api.w.org\/{rel}","templated":true}]}}